atest common divisor of k and v.
17
Suppose 2*w - 48 = -2*w + 4*l, 0 = 4*l - 16. What is the greatest common divisor of w and 72?
8
Let z = -2 + 89. Suppose 0 = -4*x - z + 247. What is the greatest common factor of x and 5?
5
Let x be 651/18 - 1/6. Let j = 28 - 11. Let b = j + -5. Calculate the greatest common factor of x and b.
12
Let o be (17/(-10))/17 - (-13642)/20. Calculate the greatest common factor of o and 2.
2
Let m be ((-10)/(-4))/((275/154)/25). Calculate the greatest common factor of m and 77.
7
Let i = 94 - 14. Suppose -8*y = -3*y - i. Let p = y + -9. Calculate the highest common factor of 70 and p.
7
Suppose -3*u = u - 64. Let z = -27 + 91. Calculate the highest common divisor of u and z.
16
Suppose -2420 = -2*w + 582. What is the greatest common divisor of w and 79?
79
Suppose -3*o + 15 = 2*o. Let g be (273/14)/(-13)*(-140)/o. Suppose w - 20 = -w. What is the highest common factor of g and w?
10
Let c = 598 + -556. What is the greatest common divisor of 105 and c?
21
Let x be 72/(-7)*(43/(-2) + 4). Calculate the highest common divisor of 20 and x.
20
Suppose -4*v + 368 = -4*a, 0 = -2*a + a - 2. Let p(i) = -i**2 + 11*i + 6. Let u be p(5). What is the greatest common factor of v and u?
18
Suppose -5*z + 2*z = -231. Suppose -2*v + 4 = -6. Suppose -2*i = -4*a - v - 21, -i - 5 = 4*a. Calculate the highest common factor of i and z.
7
Suppose -8*l = 25 - 105. What is the greatest common divisor of l and 190?
10
Suppose -2*k + 120 = 2*k. Suppose 0*p - 4*p + 120 = 0. What is the highest common factor of p and k?
30
Suppose 9*w - 307 = 341. Calculate the greatest common factor of w and 96.
24
Suppose 16*w - 3*w = 26. What is the greatest common factor of w and 7?
1
Suppose -6*b - 9 + 27 = 0. Let o be (-1008)/b*2/(-4). What is the highest common factor of o and 21?
21
Suppose 2*i + 73 = 7*i + 4*a, -3*i + 41 = a. What is the highest common factor of i and 247?
13
Let q = 746 + -479. Suppose 0 = -6*k - 57 + q. Calculate the greatest common divisor of k and 280.
35
Suppose -5*o = -5*q - 65, -o + 5*q + 21 = 2*q. Let d = 87 + -69. What is the greatest common factor of o and d?
9
Suppose 3 + 29 = 4*v. Calculate the greatest common divisor of v and 8.
8
Let a = 450 + -442. What is the greatest common divisor of a and 5?
1
Let h be 141/15 - (-6)/(-15). Let u be 3 - ((-30)/h + 8/(-12)). Calculate the highest common factor of u and 56.
7
Suppose 8*n = -271 + 351. What is the highest common divisor of 35 and n?
5
Let o be (-4 - 7)/(11/(-22)). Calculate the greatest common divisor of o and 8.
2
Let l be (-748)/(-12) + 1*(-2)/6. Let a = -58 + l. Calculate the greatest common divisor of a and 12.
4
Let t = 79 - -341. Calculate the highest common divisor of t and 60.
60
Suppose -85 = -5*k + 160. Suppose -3*u - 1 - 136 = -4*p, k = 2*p + 5*u. What is the greatest common divisor of 8 and p?
8
Let w(c) = -c**3 - 18*c**2 - 28*c - 32. Let m be w(-17). Suppose 0*u + 2*j + 248 = 4*u, 4*j = 0. What is the highest common divisor of u and m?
31
Suppose -1550 = 2*w - 7*w. Let k be w/25 + (-2)/5. Calculate the highest common factor of 96 and k.
12
Suppose 3*z - 107 = 73. Calculate the greatest common factor of z and 192.
12
Suppose -42 + 265 = -a. Let y be a/(-5) - (-8)/20. What is the highest common divisor of y and 5?
5
Let h(n) = -12*n - 194. Let a be h(-17). Calculate the highest common divisor of 7 and a.
1
Let t be ((-408)/170)/((-2)/(-15)*-1). Let d(m) = 37*m**3 - m**2. Let h be d(1). What is the greatest common factor of h and t?
18
Suppose 2*g = 2*y + 222, 5*g - 112 = 4*g + 2*y. What is the highest common divisor of g and 495?
55
Let n be (-4*1/(-2))/((-12)/(-876)). Let t be (4 + n/4)*2. Calculate the greatest common factor of t and 9.
9
Let j be 29/4 + 4 + (-119)/28. What is the greatest common divisor of 7 and j?
7
Let u = 556 + 519. What is the greatest common factor of 86 and u?
43
Let w be (-319 + -3)*72/(-126). What is the greatest common divisor of 276 and w?
92
Suppose d - 2*d + 270 = 0. Suppose -1222 = 5*h - 1492. What is the greatest common factor of d and h?
54
Let h be -2*(-3 + (-45)/10). What is the highest common factor of h and 140?
5
Suppose 14*h - 969 = 165. Calculate the highest common factor of h and 297.
27
Suppose 5*a + 508 = -k, -14 = 4*a + k + 392. Let l = a - -41. Let v = l + 125. Calculate the highest common factor of v and 16.
16
Let j(i) = -i + 1. Let z be j(-1). Suppose -10 = -4*l + z*l. Let n be l - -24 - 6/2. What is the highest common divisor of n and 286?
26
Let p be (-2 + 65)/(-3) - -3. Let f = p + 33. Calculate the greatest common divisor of 60 and f.
15
Let r = -34 - -41. Let v(q) = -q + 28. Let t be v(r). What is the greatest common divisor of 84 and t?
21
Let h(q) = -3*q**2 - 67*q - 15. Let k be h(-21). Calculate the greatest common divisor of k and 92.
23
Let h(i) = 7 + 9 - 7 + 6 - 52*i. Let n be h(-5). What is the greatest common divisor of 25 and n?
25
Suppose -2*v + 7 = 1. Suppose 0 = -n + v*o + 32 + 13, -3*o - 189 = -5*n. Let k = 7 - 3. Calculate the greatest common factor of n and k.
4
Let k(h) be the third derivative of h**5/6 + h**4/8 + h**3/2 + h**2. Let l be k(-3). Let p = 746 + -536. Calculate the greatest common divisor of l and p.
42
Suppose 33*i - 35*i - 128 = -2*m, 0 = 5*m + 2*i - 292. What is the greatest common divisor of m and 348?
12
Suppose 591 - 95 = 2*j. What is the greatest common factor of j and 8?
8
Suppose 0 = 5*l + 5 - 0, -5*g + 1558 = 2*l. Calculate the greatest common divisor of 78 and g.
78
Let s = 3928 - 2524. What is the highest common divisor of s and 78?
78
Let j(i) = 9*i**3 - 3*i**2 - 16*i + 52. Let w be j(3). What is the highest common factor of 176 and w?
44
Let y be ((-9)/6)/(12/(-352)). Let s(k) = -k**3 - 8*k**2 + 2*k + 3. Let i be s(-9). What is the greatest common divisor of i and y?
22
Let a = -194 + 389. What is the highest common divisor of 455 and a?
65
Let m(y) = -y**3 + 5*y**2 - 3*y. Let f = 3 - -1. Let b be m(f). Suppose 318 - 350 = -2*u. What is the highest common factor of u and b?
4
Suppose 5*l = -0*r + 3*r - 52, 0 = 5*r + 5*l - 60. Let y = -25 - 25. Let a = -8 - y. Calculate the greatest common divisor of a and r.
14
Let g be 3/15*-2 + (-44)/(-10). Calculate the greatest common factor of g and 148.
4
Suppose r - 2*q = -6*q - 41, r - q + 51 = 0. Let f = r + 52. Calculate the greatest common divisor of 9 and f.
3
Let b(d) = 76*d**2 + 1. Let o be b(1). Suppose 0 = 6*l - 5*l - o. Let f be 2/4*(-490)/(-35). Calculate the highest common factor of f and l.
7
Let k be (-20)/6*30/(-25). Suppose t = g + 15, -k*g + 5*g - 36 = -2*t. What is the greatest common divisor of 34 and t?
17
Let s(u) = u**3 - 2*u**2 - 2*u + 2. Let c = 11 + -8. Let m be s(c). Let t = -35 + 60. What is the greatest common factor of m and t?
5
Suppose q = -3, -q - 99 = -4*z + 64. Calculate the highest common divisor of z and 440.
40
Suppose 0 = -0*a + 4*a. Suppose 4 = -5*w + 14, a = 2*k - 3*w - 20. Let i = k + 3. Calculate the greatest common factor of 16 and i.
16
Suppose -216 = -2*y - 0*y. Let x be (-1)/(-5) - 1003/(-85). What is the highest common factor of x and y?
12
Let h(s) = -s**2 + 10*s - 9. Let c be h(6). Suppose -2*q = -6 + 4. Suppose x - c = q. What is the greatest common divisor of x and 64?
16
Suppose -r + k + 2*k + 29 = 0, -4*r - k + 103 = 0. Let l be (r/8)/1 - (-7)/(-28). Calculate the highest common divisor of l and 33.
3
Let p(o) = -o**2 - 11*o + 22. Let x be p(-7). Suppose -j - 5*q = -5, -5*j + 5*q + 45 + 70 = 0. Calculate the highest common factor of x and j.
10
Let q be (-16)/12*(-315)/(-10). Let z be 224/q*(-6)/8. Calculate the highest common factor of z and 6.
2
Let s be (-9)/(-3)*(-8)/(-12). Suppose -7 = 2*l - 4*b - b, -5*l - s*b = -26. Suppose l*g + 9 = 5*g. What is the highest common divisor of g and 63?
9
Suppose 0 = 10*l - 6*l - 12. Suppose l*b = -3*b + 24. What is the highest common factor of b and 2?
2
Let k(u) = -u + 75. Let q(d) = -d + 3. Let s be q(3). Let t be k(s). Calculate the highest common factor of t and 50.
25
Let u = 51 + -46. What is the highest common factor of u and 9?
1
Let r(u) = -u**3 - 6*u**2 - 2*u + 6. Let b be r(-5). Let y(i) = 3*i**2 + 11*i + 12. Let h be y(b). Calculate the highest common factor of 12 and h.
12
Suppose -24*b + 3516 = -6180. What is the 